 13, 1693
List the prime factors of 3130625.
5, 5009
List the prime factors of 37127042.
2, 3229, 5749
List the prime factors of 1140205.
5, 11, 20731
List the prime factors of 1177330.
2, 5, 7, 11, 139
What are the prime factors of 738069?
3, 347, 709
List the prime factors of 408604.
2, 7, 14593
What are the prime factors of 282696?
2, 3, 11779
List the prime factors of 1086636.
2, 3, 83, 1091
List the prime factors of 1136028.
2, 3, 41, 2309
List the prime factors of 1533950.
2, 5, 11, 2789
List the prime factors of 595536.
2, 3, 19, 653
List the prime factors of 152764.
2, 181, 211
What are the prime factors of 252240?
2, 3, 5, 1051
What are the prime factors of 7127520?
2, 3, 5, 31, 479
List the prime factors of 109557.
3, 7, 37, 47
What are the prime factors of 25783328?
2, 805729
What are the prime factors of 477983?
11, 19, 2287
List the prime factors of 512682.
2, 3, 85447
What are the prime factors of 1734408?
2, 3, 13, 17, 109
What are the prime factors of 1195120?
2, 5, 14939
What are the prime factors of 11114657?
151, 73607
What are the prime factors of 20490791?
29, 83, 8513
What are the prime factors of 1275313?
13, 98101
List the prime factors of 5750842.
2, 2875421
What are the prime factors of 751764?
2, 3, 13, 61, 79
List the prime factors of 119573.
109, 1097
What are the prime factors of 2104220?
2, 5, 105211
List the prime factors of 3451080.
2, 3, 5, 28759
List the prime factors of 165295.
5, 13, 2543
List the prime factors of 6578802.
2, 3, 365489
List the prime factors of 1003149.
3, 7, 15923
What are the prime factors of 343162?
2, 17, 10093
List the prime factors of 7926805.
5, 751, 2111
List the prime factors of 160502.
2, 80251
List the prime factors of 258738.
2, 3, 29, 1487
List the prime factors of 91728.
2, 3, 7, 13
What are the prime factors of 1088765?
5, 17, 12809
List the prime factors of 210388.
2, 149, 353
What are the prime factors of 1967276?
2, 491819
What are the prime factors of 18902376?
2, 3, 87511
What are the prime factors of 221665?
5, 43, 1031
What are the prime factors of 166581?
3, 83, 223
List the prime factors of 416517.
3, 17, 8167
What are the prime factors of 1127516?
2, 13, 21683
What are the prime factors of 7133789?
13, 548753
List the prime factors of 8542828.
2, 7, 305101
List the prime factors of 428814.
2, 3, 2647
What are the prime factors of 2653666?
2, 17, 78049
What are the prime factors of 407761?
173, 2357
What are the prime factors of 16414010?
2, 5, 17, 96553
What are the prime factors of 660825?
3, 5, 11, 89
What are the prime factors of 2849757?
3, 53, 17923
What are the prime factors of 639577?
639577
What are the prime factors of 9043819?
9043819
List the prime factors of 2241237.
3, 359, 2081
List the prime factors of 610709.
11, 59, 941
List the prime factors of 829827.
3, 92203
What are the prime factors of 66297?
3, 7, 11, 41
What are the prime factors of 1513397?
1513397
What are the prime factors of 1905918?
2, 3, 7, 23, 1973
What are the prime factors of 25373835?
3, 5, 19, 59, 503
What are the prime factors of 386782?
2, 11, 17581
What are the prime factors of 2835427?
7, 19, 21319
What are the prime factors of 5787957?
3, 7, 367, 751
What are the prime factors of 627542?
2, 43, 7297
What are the prime factors of 2488277?
11, 31, 7297
List the prime factors of 24943541.
7, 439, 8117
List the prime factors of 9863873.
389, 25357
List the prime factors of 17909021.
13, 47, 29311
What are the prime factors of 38789688?
2, 3, 7, 230891
What are the prime factors of 130484?
2, 32621
What are the prime factors of 2008973?
2008973
List the prime factors of 968100.
2, 3, 5, 7, 461
List the prime factors of 214337.
23, 9319
What are the prime factors of 765829?
347, 2207
What are the prime factors of 8891929?
8891929
List the prime factors of 3816660.
2, 3, 5, 63611
What are the prime factors of 37029423?
3, 19, 649639
List the prime factors of 723449.
227, 3187
What are the prime factors of 13637246?
2, 7, 974089
List the prime factors of 17357966.
2, 743, 11681
What are the prime factors of 24467?
43, 569
What are the prime factors of 26743209?
3, 8914403
List the prime factors of 1087025.
5, 43481
What are the prime factors of 342698?
2, 53, 61
List the prime factors of 11520945.
3, 5, 256021
What are the prime factors of 19434901?
29, 71, 9439
List the prime factors of 104860.
2, 5, 7, 107
What are the prime factors of 3131471?
7, 447353
What are the prime factors of 14136102?
2, 3, 79, 9941
What are the prime factors of 216778?
2, 283, 383
List the prime factors of 628103.
7, 53, 1693
List the prime factors of 81598.
2, 11, 3709
What are the prime factors of 7221328?
2, 17, 139, 191
List the prime factors of 17749618.
2, 8874809
What are the prime factors of 175724?
2, 197, 223
What are the prime factors of 5404126?
2, 7, 13, 23, 1291
What are the prime factors of 19066683?
3, 6355561
List the prime factors of 899329.
317, 2837
List the prime factors of 93960.
2, 3, 5, 29
What are the prime factors of 415137?
3, 71, 1949
What are the prime factors of 148624?
2, 7, 1327
List the prime factors of 110620.
2, 5, 5531
What are the prime factors of 1379388?
2, 3, 71, 1619
What are the prime factors of 3533427?
3, 419, 937
List the prime factors of 369496.
2, 46187
What are the prime factors of 1785637?
7, 79, 3229
What are the prime factors of 922893?
3, 307631
What are the prime factors of 2939779?
97, 30307
List the prime factors of 575245.
5, 11, 10459
List the prime factors of 1471910.
2, 5, 11, 13381
What are the prime factors of 738717?
3, 7, 29, 1213
What are the prime factors of 534626?
2, 31, 8623
What are the prime factors of 243032?
2, 17, 1787
List the prime factors of 829336.
2, 83, 1249
List the prime factors of 367309.
367309
List the prime factors of 943819.
943819
List the prime factors of 64008.
2, 3, 7, 127
List the prime factors of 5164940.
2, 5, 11, 17, 1381
List the prime factors of 1368239.
73, 18743
List the prime factors of 430708.
2, 29, 47, 79
What are the prime factors of 32282470?
2, 5, 11, 31, 9467
List the prime factors of 2301081.
3, 23, 33349
List the prime factors of 13773.
3, 4591
What are the prime factors of 1307565?
3, 5, 7, 593
List the prime factors of 12014355.
3, 5, 353, 2269
List the prime factors of 22426615.
5, 4485323
What are the prime factors of 31465?
5, 7, 29, 31
List the prime factors of 10653444.
2, 3, 131, 251
List the prime factors of 5873452.
2, 13, 112951
List the prime factors of 428682.
2, 3, 37, 1931
List the prime factors of 130166.
2, 37, 1759
List the prime factors of 9695377.
19, 107, 251
List the prime factors of 1963836.
2, 3, 7, 7793
What are the prime factors of 1241081?
1241081
List the prime factors of 206699.
206699
List the prime factors of 1571469.
3, 197, 2659
What are the prime factors of 2098551?
3, 7, 13, 7687
List the prime factors of 1126694.
2, 613, 919
List the prime factors of 4379835.
3, 5, 31, 9419
List the prime factors of 74325.
3, 5, 991
What are the prime factors of 70649?
31, 43, 53
List the prime factors of 2078013.
3, 7, 98953
What are the prime factors of 7341488?
2, 7, 11, 59, 101
What are the prime factors of 5614?
2, 7, 401
List the prime factors of 2698955.
5, 7, 59, 1307
List the prime factors of 406499.
406499
List the prime factors of 136536.
2, 3, 5689
List the prime factors of 2013535.
5, 23, 17509
What are the prime factors of 246331?
313, 787
List the prime factors of 502258.
2, 107, 2347
What are the prime factors of 167619?
3, 59, 947
What are the prime factors of 15543208?
2, 1942901
List the prime factors of 1157988.
2, 3, 13, 571
List the prime factors of 3620066.
2, 1810033
List the prime factors of 199013.
71, 2803
What are the prime factors of 18060040?
2, 5, 29, 15569
What are the prime factors of 17504238?
2, 3, 59, 197, 251
List the prime factors of 594304.
2, 4643
What are the prime factors of 86109?
3, 28703
List the prime factors of 1680915.
3, 5, 112061
What are the prime factors of 116357?
23, 5059
What are the prime factors of 13944699?
3, 31, 151, 331
List the prime factors of 1151318.
2, 7, 82237
What are the prime factors of 1025285?
5, 53, 73
List the prime factors of 3397561.
19, 178819
What are the prime factors of 1241545?
5, 248309
List the